{"id":331,"date":"2020-06-11T15:45:04","date_gmt":"2020-06-11T08:45:04","guid":{"rendered":"http:\/\/thucphamchucnang6.muathemedep.vn\/?post_type=product&#038;p=331"},"modified":"2020-06-11T15:45:04","modified_gmt":"2020-06-11T08:45:04","slug":"combo-tat-nien","status":"publish","type":"product","link":"https:\/\/webthucpham12.vidoweb.vn\/?product=combo-tat-nien","title":{"rendered":"Combo T\u1ea5t Ni\u00ean"},"content":{"rendered":"<p>H\u01b0\u01a1ng T\u1ea5t Ni\u00ean \u2013 H\u01b0\u01a1ng c\u1ee7a \u0111o\u00e0n vi\u00ean, c\u1ee7a sum v\u1ea7y!<\/p>\n<p>T\u1ebft m\u1edf toang c\u00e1nh c\u1eeda k\u1ef7 ni\u1ec7m, \u0111\u1ec3 m\u1ed7i ng\u01b0\u1eddi nh\u00ecn l\u1ea1i v\u00e0 nh\u1eadn ra d\u00f9 \u0111i xa t\u1eadn \u0111\u00e2u, l\u00e0m c\u00f4ng vi\u1ec7c g\u00ec, gi\u00e0u sang hay kh\u1ed1n kh\u00f3 th\u00ec v\u1eabn c\u1ea7n tr\u1edf v\u1ec1 b\u00ean gia \u0111\u00ecnh trong th\u1eddi kh\u1eafc chuy\u1ec3n giao sang n\u0103m m\u1edbi, qu\u00e2y qu\u1ea7n b\u00ean n\u1ed3i b\u00e1nh ch\u01b0ng v\u00e0 c\u00f9ng nhau t\u1eafm l\u00e1 m\u00f9i gi\u00e0<\/p>\n<p>Theo quan ni\u1ec7m c\u1ee7a ng\u01b0\u1eddi x\u01b0a, vi\u1ec7c t\u1eafm l\u00e1 m\u00f9i gi\u00e0 v\u00e0o ng\u00e0y cu\u1ed1i n\u0103m l\u00e0 \u0111\u1ec3 xua tan nh\u1eefng chuy\u1ec7n kh\u00f4ng vui, nh\u1eefng b\u1ee5i tr\u1ea7n v\u01b0\u1edbng b\u1eadn trong su\u1ed1t m\u1ed9t n\u0103m qua, t\u1eeb \u0111\u00f3 s<span class=\"text_exposed_show\">\u1eb5n s\u00e0ng \u0111\u00f3n nh\u1eadn ni\u1ec1m vui trong n\u0103m m\u1edbi.<\/span><\/p>\n<div class=\"text_exposed_show\">\n<p>Cu\u1ed1i n\u0103m, t\u1eafm x\u00e0 b\u00f4ng, r\u1ed3i x\u00f4ng tinh d\u1ea7u m\u00f9i gi\u00e0, th\u1ea5m \u0111\u1eabm h\u01b0\u01a1ng v\u1ecb T\u1ebft Vi\u1ec7t. T\u1eafm xong, c\u1ea3 nh\u00e0 v\u1eabn ph\u1ea3ng ph\u1ea5t h\u01b0\u01a1ng \u0111\u1ebfn v\u00e0i ba ng\u00e0y T\u1ebft. \u1ea8n sau \u0111\u00f3, h\u01b0\u01a1ng th\u01a1m c\u1ee7a l\u00e1 m\u00f9i gi\u00e0 c\u00f2n khi\u1ebfn cho m\u1ed7i ng\u01b0\u1eddi l\u01b0u luy\u1ebfn, v\u1ea5n v\u01b0\u01a1ng nh\u1edb v\u1ec1 m\u00f9i h\u01b0\u01a1ng c\u1ee7a c\u1ed9i ngu\u1ed3n, qu\u00ea h\u01b0\u01a1ng m\u00ecnh.<\/p>\n<\/div>\n<p>V\u00e0 gi\u1edd \u0111\u00e2y, ch\u00fang ta kh\u00f4ng c\u1ea7n ph\u1ea3i l\u00edch k\u00edch ra ch\u1ee3 mua b\u00f3 m\u00f9i gi\u00e0 v\u1ec1 \u0111un \u0111un n\u1ea5u n\u1ea5u th\u00e0nh n\u1ed3i n\u01b0\u1edbc t\u1eafm, x\u00f4ng nh\u00e0 ng\u00e0y t\u1ebft n\u1eefa. M\u00e0 ch\u1ec9 c\u1ea7n c\u00f3 tr\u00ean tay 2 s\u1ea3n ph\u1ea9m \u201cM\u00f9i c\u1ee7a t\u1ebft\u201d c\u1ee7a C\u1ecf m\u1ec1m l\u00e0 t\u1ebft \u0111\u00e3 \u0111\u1ebfn r\u1ed3i:<\/p>\n<p>\u2013 X\u00e0 b\u00f4ng T\u1ea5t Ni\u00ean c\u1ee7a C\u1ecf m\u1ec1m HomeLab v\u1edbi tinh d\u1ea7u L\u00e1 M\u00f9i th\u01a1m ng\u00e1t \u0111em T\u1ebft \u0111\u1ebfn t\u1eadn ph\u00f2ng t\u1eafm c\u1ee7a b\u1ea1n, gi\u00fap b\u1ea1n \u0111\u01b0\u1ee3c h\u01b0\u1edfng kh\u00f4ng kh\u00ed T\u1ebft quanh n\u0103m, gi\u1ea3i to\u1ea3 c\u0103ng th\u1eb3ng, mang l\u1ea1i tr\u1ea3i nghi\u1ec7m th\u01b0 th\u00e1i tinh th\u1ea7n.<\/p>\n<p>\u2013 Tinh d\u1ea7u h\u01b0\u01a1ng m\u00f9i gi\u00e0: V\u1edbi thi\u1ebft k\u1ebf l\u1ecd nh\u1ecf gi\u1ecdt 5ml, r\u1ea5t ti\u1ec7n l\u1ee3i khi nh\u1ecf 1-2 gi\u1ecdt v\u00e0o n\u01b0\u1edbc t\u1eafm, n\u01b0\u1edbc r\u1eeda m\u1eb7t ng\u00e0y t\u1ebft, ho\u1eb7c nh\u1ecf v\u00e0i gi\u1ecdt l\u00ean r\u00e8m c\u1eeda ho\u1eb7c v\u00e0o \u0111\u00e8n x\u00f4ng tinh d\u1ea7u \u0111\u1ec3 h\u01b0\u01a1ng t\u1ebft lan t\u1ecfa kh\u1eafp kh\u00f4ng gian. Gi\u00fap th\u01b0 gi\u00e3n, gi\u1ea3i t\u1ecfa stress, m\u1ec7t m\u1ecfi sau 1 ng\u00e0y l\u00e0m vi\u1ec7c. Kh\u1eed m\u00f9i, kh\u1eed khu\u1ea9n cho kh\u00f4ng gian ph\u00f2ng.<\/p>\n<p>X\u00e0 b\u00f4ng t\u1ea5t ni\u00ean h\u01b0\u01a1ng M\u00f9i gi\u00e0: 180k\/b\u00e1nh<br \/>\nTinh d\u1ea7u H\u1ea1t M\u00f9i gi\u00e0: 250k\/l\u1ecd 5ml<\/p>\n<p>C\u1ea3 combo 430k gi\u1ea3m c\u00f2n 400k<\/p>\n","protected":false},"excerpt":{"rendered":"<p>C\u00f9ng v\u1edbi x\u00e0 b\u00f4ng m\u00f9i gi\u00e0, tinh d\u1ea7u m\u00f9i gi\u00e0 gi\u00fap h\u01b0\u01a1ng t\u1ea5t ni\u00ean kh\u00f4ng ch\u1ec9 v\u1ea5n v\u01b0\u01a1ng quanh c\u01a1 th\u1ec3 m\u00e0 c\u00f2n th\u01a1m th\u01a1m kh\u1eafp c\u1ea3 gian nh\u00e0.<\/p>\n","protected":false},"featured_media":332,"comment_status":"open","ping_status":"closed","template":"","meta":[],"product_brand":[],"product_cat":[40,42],"product_tag":[],"class_list":{"0":"post-331","1":"product","2":"type-product","3":"status-publish","4":"has-post-thumbnail","6":"product_cat-combo-khuyen-mai","7":"product_cat-combo-tam","9":"first","10":"instock","11":"sale","12":"shipping-taxable","13":"purchasable","14":"product-type-simple"},"yoast_head":"<!-- This site is optimized with the Yoast SEO plugin v27.6 - https:\/\/yoast.com\/product\/yoast-seo-wordpress\/ -->\n<title>Combo T\u1ea5t Ni\u00ean - Th\u1ef1c Ph\u1ea9m 12<\/title>\n<meta name=\"robots\" content=\"noindex, follow, max-snippet:-1, max-image-preview:large, max-video-preview:-1\" \/>\n<meta property=\"og:locale\" content=\"vi_VN\" \/>\n<meta property=\"og:type\" content=\"article\" \/>\n<meta property=\"og:title\" content=\"Combo T\u1ea5t Ni\u00ean - Th\u1ef1c Ph\u1ea9m 12\" \/>\n<meta property=\"og:description\" content=\"C\u00f9ng v\u1edbi x\u00e0 b\u00f4ng m\u00f9i gi\u00e0, tinh d\u1ea7u m\u00f9i gi\u00e0 gi\u00fap h\u01b0\u01a1ng t\u1ea5t ni\u00ean kh\u00f4ng ch\u1ec9 v\u1ea5n v\u01b0\u01a1ng quanh c\u01a1 th\u1ec3 m\u00e0 c\u00f2n th\u01a1m th\u01a1m kh\u1eafp c\u1ea3 gian nh\u00e0.\" \/>\n<meta property=\"og:url\" content=\"https:\/\/webthucpham12.vidoweb.vn\/?product=combo-tat-nien\" \/>\n<meta property=\"og:site_name\" content=\"Th\u1ef1c Ph\u1ea9m 12\" \/>\n<meta property=\"og:image\" content=\"https:\/\/webthucpham12.vidoweb.vn\/wp-content\/uploads\/2020\/06\/trans_anh-san-pham-dang-website-600x600px-55-510x510-1.jpg\" \/>\n\t<meta property=\"og:image:width\" content=\"510\" \/>\n\t<meta property=\"og:image:height\" content=\"510\" \/>\n\t<meta property=\"og:image:type\" content=\"image\/jpeg\" \/>\n<meta name=\"twitter:card\" content=\"summary_large_image\" \/>\n<meta name=\"twitter:label1\" content=\"\u01af\u1edbc t\u00ednh th\u1eddi gian \u0111\u1ecdc\" \/>\n\t<meta name=\"twitter:data1\" content=\"3 ph\u00fat\" \/>\n<script type=\"application\/ld+json\" class=\"yoast-schema-graph\">{\"@context\":\"https:\\\/\\\/schema.org\",\"@graph\":[{\"@type\":\"WebPage\",\"@id\":\"https:\\\/\\\/webthucpham12.vidoweb.vn\\\/?product=combo-tat-nien\",\"url\":\"https:\\\/\\\/webthucpham12.vidoweb.vn\\\/?product=combo-tat-nien\",\"name\":\"Combo T\u1ea5t Ni\u00ean - Th\u1ef1c Ph\u1ea9m 12\",\"isPartOf\":{\"@id\":\"https:\\\/\\\/webthucpham12.vidoweb.vn\\\/#website\"},\"primaryImageOfPage\":{\"@id\":\"https:\\\/\\\/webthucpham12.vidoweb.vn\\\/?product=combo-tat-nien#primaryimage\"},\"image\":{\"@id\":\"https:\\\/\\\/webthucpham12.vidoweb.vn\\\/?product=combo-tat-nien#primaryimage\"},\"thumbnailUrl\":\"https:\\\/\\\/webthucpham12.vidoweb.vn\\\/wp-content\\\/uploads\\\/2020\\\/06\\\/trans_anh-san-pham-dang-website-600x600px-55-510x510-1.jpg\",\"datePublished\":\"2020-06-11T08:45:04+00:00\",\"breadcrumb\":{\"@id\":\"https:\\\/\\\/webthucpham12.vidoweb.vn\\\/?product=combo-tat-nien#breadcrumb\"},\"inLanguage\":\"vi\",\"potentialAction\":[{\"@type\":\"ReadAction\",\"target\":[\"https:\\\/\\\/webthucpham12.vidoweb.vn\\\/?product=combo-tat-nien\"]}]},{\"@type\":\"ImageObject\",\"inLanguage\":\"vi\",\"@id\":\"https:\\\/\\\/webthucpham12.vidoweb.vn\\\/?product=combo-tat-nien#primaryimage\",\"url\":\"https:\\\/\\\/webthucpham12.vidoweb.vn\\\/wp-content\\\/uploads\\\/2020\\\/06\\\/trans_anh-san-pham-dang-website-600x600px-55-510x510-1.jpg\",\"contentUrl\":\"https:\\\/\\\/webthucpham12.vidoweb.vn\\\/wp-content\\\/uploads\\\/2020\\\/06\\\/trans_anh-san-pham-dang-website-600x600px-55-510x510-1.jpg\",\"width\":510,\"height\":510},{\"@type\":\"BreadcrumbList\",\"@id\":\"https:\\\/\\\/webthucpham12.vidoweb.vn\\\/?product=combo-tat-nien#breadcrumb\",\"itemListElement\":[{\"@type\":\"ListItem\",\"position\":1,\"name\":\"Trang ch\u1ee7\",\"item\":\"https:\\\/\\\/webthucpham12.vidoweb.vn\\\/\"},{\"@type\":\"ListItem\",\"position\":2,\"name\":\"Combo T\u1ea5t Ni\u00ean\"}]},{\"@type\":\"WebSite\",\"@id\":\"https:\\\/\\\/webthucpham12.vidoweb.vn\\\/#website\",\"url\":\"https:\\\/\\\/webthucpham12.vidoweb.vn\\\/\",\"name\":\"Th\u1ef1c Ph\u1ea9m 12\",\"description\":\"\",\"potentialAction\":[{\"@type\":\"SearchAction\",\"target\":{\"@type\":\"EntryPoint\",\"urlTemplate\":\"https:\\\/\\\/webthucpham12.vidoweb.vn\\\/?s={search_term_string}\"},\"query-input\":{\"@type\":\"PropertyValueSpecification\",\"valueRequired\":true,\"valueName\":\"search_term_string\"}}],\"inLanguage\":\"vi\"}]}<\/script>\n<!-- \/ Yoast SEO plugin. -->","yoast_head_json":{"title":"Combo T\u1ea5t Ni\u00ean - Th\u1ef1c Ph\u1ea9m 12","robots":{"index":"noindex","follow":"follow","max-snippet":"max-snippet:-1","max-image-preview":"max-image-preview:large","max-video-preview":"max-video-preview:-1"},"og_locale":"vi_VN","og_type":"article","og_title":"Combo T\u1ea5t Ni\u00ean - Th\u1ef1c Ph\u1ea9m 12","og_description":"C\u00f9ng v\u1edbi x\u00e0 b\u00f4ng m\u00f9i gi\u00e0, tinh d\u1ea7u m\u00f9i gi\u00e0 gi\u00fap h\u01b0\u01a1ng t\u1ea5t ni\u00ean kh\u00f4ng ch\u1ec9 v\u1ea5n v\u01b0\u01a1ng quanh c\u01a1 th\u1ec3 m\u00e0 c\u00f2n th\u01a1m th\u01a1m kh\u1eafp c\u1ea3 gian nh\u00e0.","og_url":"https:\/\/webthucpham12.vidoweb.vn\/?product=combo-tat-nien","og_site_name":"Th\u1ef1c Ph\u1ea9m 12","og_image":[{"width":510,"height":510,"url":"https:\/\/webthucpham12.vidoweb.vn\/wp-content\/uploads\/2020\/06\/trans_anh-san-pham-dang-website-600x600px-55-510x510-1.jpg","type":"image\/jpeg"}],"twitter_card":"summary_large_image","twitter_misc":{"\u01af\u1edbc t\u00ednh th\u1eddi gian \u0111\u1ecdc":"3 ph\u00fat"},"schema":{"@context":"https:\/\/schema.org","@graph":[{"@type":"WebPage","@id":"https:\/\/webthucpham12.vidoweb.vn\/?product=combo-tat-nien","url":"https:\/\/webthucpham12.vidoweb.vn\/?product=combo-tat-nien","name":"Combo T\u1ea5t Ni\u00ean - Th\u1ef1c Ph\u1ea9m 12","isPartOf":{"@id":"https:\/\/webthucpham12.vidoweb.vn\/#website"},"primaryImageOfPage":{"@id":"https:\/\/webthucpham12.vidoweb.vn\/?product=combo-tat-nien#primaryimage"},"image":{"@id":"https:\/\/webthucpham12.vidoweb.vn\/?product=combo-tat-nien#primaryimage"},"thumbnailUrl":"https:\/\/webthucpham12.vidoweb.vn\/wp-content\/uploads\/2020\/06\/trans_anh-san-pham-dang-website-600x600px-55-510x510-1.jpg","datePublished":"2020-06-11T08:45:04+00:00","breadcrumb":{"@id":"https:\/\/webthucpham12.vidoweb.vn\/?product=combo-tat-nien#breadcrumb"},"inLanguage":"vi","potentialAction":[{"@type":"ReadAction","target":["https:\/\/webthucpham12.vidoweb.vn\/?product=combo-tat-nien"]}]},{"@type":"ImageObject","inLanguage":"vi","@id":"https:\/\/webthucpham12.vidoweb.vn\/?product=combo-tat-nien#primaryimage","url":"https:\/\/webthucpham12.vidoweb.vn\/wp-content\/uploads\/2020\/06\/trans_anh-san-pham-dang-website-600x600px-55-510x510-1.jpg","contentUrl":"https:\/\/webthucpham12.vidoweb.vn\/wp-content\/uploads\/2020\/06\/trans_anh-san-pham-dang-website-600x600px-55-510x510-1.jpg","width":510,"height":510},{"@type":"BreadcrumbList","@id":"https:\/\/webthucpham12.vidoweb.vn\/?product=combo-tat-nien#breadcrumb","itemListElement":[{"@type":"ListItem","position":1,"name":"Trang ch\u1ee7","item":"https:\/\/webthucpham12.vidoweb.vn\/"},{"@type":"ListItem","position":2,"name":"Combo T\u1ea5t Ni\u00ean"}]},{"@type":"WebSite","@id":"https:\/\/webthucpham12.vidoweb.vn\/#website","url":"https:\/\/webthucpham12.vidoweb.vn\/","name":"Th\u1ef1c Ph\u1ea9m 12","description":"","potentialAction":[{"@type":"SearchAction","target":{"@type":"EntryPoint","urlTemplate":"https:\/\/webthucpham12.vidoweb.vn\/?s={search_term_string}"},"query-input":{"@type":"PropertyValueSpecification","valueRequired":true,"valueName":"search_term_string"}}],"inLanguage":"vi"}]}},"_links":{"self":[{"href":"https:\/\/webthucpham12.vidoweb.vn\/index.php?rest_route=\/wp\/v2\/product\/331","targetHints":{"allow":["GET"]}}],"collection":[{"href":"https:\/\/webthucpham12.vidoweb.vn\/index.php?rest_route=\/wp\/v2\/product"}],"about":[{"href":"https:\/\/webthucpham12.vidoweb.vn\/index.php?rest_route=\/wp\/v2\/types\/product"}],"replies":[{"embeddable":true,"href":"https:\/\/webthucpham12.vidoweb.vn\/index.php?rest_route=%2Fwp%2Fv2%2Fcomments&post=331"}],"wp:featuredmedia":[{"embeddable":true,"href":"https:\/\/webthucpham12.vidoweb.vn\/index.php?rest_route=\/wp\/v2\/media\/332"}],"wp:attachment":[{"href":"https:\/\/webthucpham12.vidoweb.vn\/index.php?rest_route=%2Fwp%2Fv2%2Fmedia&parent=331"}],"wp:term":[{"taxonomy":"product_brand","embeddable":true,"href":"https:\/\/webthucpham12.vidoweb.vn\/index.php?rest_route=%2Fwp%2Fv2%2Fproduct_brand&post=331"},{"taxonomy":"product_cat","embeddable":true,"href":"https:\/\/webthucpham12.vidoweb.vn\/index.php?rest_route=%2Fwp%2Fv2%2Fproduct_cat&post=331"},{"taxonomy":"product_tag","embeddable":true,"href":"https:\/\/webthucpham12.vidoweb.vn\/index.php?rest_route=%2Fwp%2Fv2%2Fproduct_tag&post=331"}],"curies":[{"name":"wp","href":"https:\/\/api.w.org\/{rel}","templated":true}]}}