{"id":339,"date":"2020-06-11T15:51:39","date_gmt":"2020-06-11T08:51:39","guid":{"rendered":"http:\/\/thucphamchucnang6.muathemedep.vn\/?post_type=product&#038;p=339"},"modified":"2020-06-11T15:51:39","modified_gmt":"2020-06-11T08:51:39","slug":"combo-duong-moi","status":"publish","type":"product","link":"https:\/\/webthucpham12.vidoweb.vn\/?product=combo-duong-moi","title":{"rendered":"Combo D\u01b0\u1ee1ng M\u00f4i"},"content":{"rendered":"<p><strong>M\u00f4i em ng\u1ecdt ng\u00e0o nh\u01b0 tr\u00e1i t\u00e1o c\u0103ng \u0111\u1ecf m\u1ecdng \u2013 Nh\u00ecn l\u00e0 anh ch\u1ec9 mu\u1ed1n \u201cC\u1eaeN\u201d y\u00eau<\/strong><\/p>\n<p>M\u1ed7i l\u1ea7n anh h\u00f4n c\u00f4 \u1ea5y l\u00e0 nh\u1eefng rung c\u1ea3m c\u1ee7a t\u00ecnh y\u00eau nh\u01b0 ch\u1ea1y d\u1ecdc c\u1ea3 c\u01a1 th\u1ec3. L\u00e0 m\u00e1i t\u00f3c \u00f3ng m\u1ec1m lu\u1ed3n qua k\u1ebd tay anh hay h\u01b0\u01a1ng n\u01b0\u1edbc hoa s\u00e2u l\u1eafng ch\u1ea1m kh\u1ebd n\u01a1i kh\u1ee9u gi\u00e1c. Nh\u01b0ng anh c\u1ea3m nh\u1eadn r\u00f5 nh\u1ea5t l\u00e0 \u0111\u00f4i m\u00f4i em m\u1ec1m \u0111\u1ea7y h\u1ea5p d\u1eabn.<br \/>\nT\u1ea5t c\u1ea3 c\u1ee7a c\u00f4 \u1ea5y, anh ch\u1ec9 mu\u1ed1n \u00f4m tr\u1ecdn!<\/p>\n<p>B\u00ed quy\u1ebft c\u1ee7a C\u00f4 \u1ea5y ch\u00ednh COMBO d\u01b0\u1ee1ng m\u00f4i ho\u00e0n h\u1ea3o c\u1ee7a C\u1ecf M\u1ec1m:<\/p>\n<ul>\n<li><strong>SON D\u01af\u1ee0NG M\u00d4I T\u00c1O XANH<\/strong>\u00a0h\u1eefu c\u01a1 thu\u1ea7n chay th\u00e2n thi\u1ec7n v\u1edbi m\u00f4i tr\u01b0\u1eddng: v\u1edbi th\u00e0nh ph\u1ea7n d\u1ea7u h\u1ea1t t\u00e1o h\u1eefu c\u01a1, d\u01b0\u1ee1ng m\u00f4i lu\u00f4n \u1ea9m m\u1ec1m, h\u1ed3ng h\u00e0o v\u00e0 ng\u1ecdt ng\u00e0o, th\u01a1m m\u00f9i t\u00e1o ch\u00edn ng\u1ecdt d\u1ecbu, \u0111\u1eb7c bi\u1ec7t th\u00e0nh ph\u1ea7n d\u1ea7u h\u1ea1t t\u00e1o gi\u00e0u acid linoleic v\u00e0 acid oleic gi\u00fap d\u01b0\u1ee1ng \u1ea9m v\u00e0 c\u00f3 ho\u1ea1t t\u00ednh ch\u1ed1ng l\u00e3o h\u00f3a.<\/li>\n<li><strong>SON L\u1ee4A KH\u00d4NG CH\u00cc<\/strong>: Kh\u00f4ng d\u00e0y nh\u01b0 son l\u1ef3, kh\u00f4ng b\u00f3ng nh\u01b0 son b\u00f3ng, kh\u00f4ng l\u1ecfng nh\u01b0 son n\u01b0\u1edbc, kh\u00f4ng s\u1ec7t nh\u01b0 son kem, d\u00f9ng c\u00f3 c\u1ea3m gi\u00e1c: m\u1ecfng, m\u1ec1m, m\u1ecbn. V\u1eady n\u00ean, b\u1ea1n s\u1ebd kh\u00f4ng c\u00f3 c\u1ea3m gi\u00e1c \u0111ang \u0111\u00e1nh son. M\u00e0 ng\u01b0\u1ee3c l\u1ea1i, son r\u1ea5t l\u00e2u phai.C\u00f3 7 m\u00e0u xinh x\u1eafn cho b\u1ea1n l\u1ef1a ch\u1ecdn.<\/li>\n<li>C\u00f9ng v\u1edbi SON L\u1ee4A v\u00e0 SON D\u01af\u1ee0NG T\u00c1O c\u1ef1c an to\u00e0n,\u00a0<strong>Lip Scrub \u0110\u01b0\u1eddng N\u00e2u<\/strong>\u00a0ho\u00e0n thi\u1ec7n b\u1ed9 s\u1ea3n ph\u1ea9m d\u00e0nh cho m\u00f4i gi\u00fap c\u00e1c n\u00e0ng ch\u0103m s\u00f3c \u0111\u00f4i m\u00f4i m\u1ec1m m\u1ecbn c\u0103ng m\u1ecdng v\u00e0 h\u1ed3ng h\u00e0o.<\/li>\n<\/ul>\n<p>Gi\u00e1 combo 420k gi\u1ea3m 50k c\u00f2n 370k<\/p>\n","protected":false},"excerpt":{"rendered":"<p>Combo g\u1ed3m Son d\u01b0\u1ee1ng t\u00e1o + Son l\u1ee5a kh\u00f4ng ch\u00ec+ T\u1ea9y da ch\u1ebft m\u00f4i, b\u1ea1n kh\u00f4ng ch\u1ec9 c\u00f3 l\u00e0n m\u00f4i xinh m\u00e0 c\u00f2n kho\u1ebb n\u1eefa. Ch\u0103m ch\u1ec9 t\u1ea9y da ch\u1ebft m\u00f4i h\u00e0ng tu\u1ea7n, t\u00f4 son d\u01b0\u1ee1ng v\u00e0 son l\u1ee5a h\u00e0ng ng\u00e0y l\u00e0 b\u1ea1n \u0111\u00e3 c\u00f3 m\u1ed9t \u0111\u00f4i m\u00f4i c\u0103ng m\u1ecdng nh\u01b0 \u00fd mu\u1ed1n r\u1ed3i \u0111\u00f3 nha &lt;3.<\/p>\n","protected":false},"featured_media":341,"comment_status":"open","ping_status":"closed","template":"","meta":[],"product_brand":[],"product_cat":[40,42],"product_tag":[],"class_list":{"0":"post-339","1":"product","2":"type-product","3":"status-publish","4":"has-post-thumbnail","6":"product_cat-combo-khuyen-mai","7":"product_cat-combo-tam","9":"first","10":"instock","11":"sale","12":"shipping-taxable","13":"purchasable","14":"product-type-simple"},"yoast_head":"<!-- This site is optimized with the Yoast SEO plugin v27.6 - https:\/\/yoast.com\/product\/yoast-seo-wordpress\/ -->\n<title>Combo D\u01b0\u1ee1ng M\u00f4i - Th\u1ef1c Ph\u1ea9m 12<\/title>\n<meta name=\"robots\" content=\"noindex, follow, max-snippet:-1, max-image-preview:large, max-video-preview:-1\" \/>\n<meta property=\"og:locale\" content=\"vi_VN\" \/>\n<meta property=\"og:type\" content=\"article\" \/>\n<meta property=\"og:title\" content=\"Combo D\u01b0\u1ee1ng M\u00f4i - Th\u1ef1c Ph\u1ea9m 12\" \/>\n<meta property=\"og:description\" content=\"Combo g\u1ed3m Son d\u01b0\u1ee1ng t\u00e1o + Son l\u1ee5a kh\u00f4ng ch\u00ec+ T\u1ea9y da ch\u1ebft m\u00f4i, b\u1ea1n kh\u00f4ng ch\u1ec9 c\u00f3 l\u00e0n m\u00f4i xinh m\u00e0 c\u00f2n kho\u1ebb n\u1eefa. Ch\u0103m ch\u1ec9 t\u1ea9y da ch\u1ebft m\u00f4i h\u00e0ng tu\u1ea7n, t\u00f4 son d\u01b0\u1ee1ng v\u00e0 son l\u1ee5a h\u00e0ng ng\u00e0y l\u00e0 b\u1ea1n \u0111\u00e3 c\u00f3 m\u1ed9t \u0111\u00f4i m\u00f4i c\u0103ng m\u1ecdng nh\u01b0 \u00fd mu\u1ed1n r\u1ed3i \u0111\u00f3 nha &lt;3.\" \/>\n<meta property=\"og:url\" content=\"https:\/\/webthucpham12.vidoweb.vn\/?product=combo-duong-moi\" \/>\n<meta property=\"og:site_name\" content=\"Th\u1ef1c Ph\u1ea9m 12\" \/>\n<meta property=\"og:image\" content=\"https:\/\/webthucpham12.vidoweb.vn\/wp-content\/uploads\/2020\/06\/trans_anh-san-pham-dang-website-600x600px-62-510x510-1.jpg\" \/>\n\t<meta property=\"og:image:width\" content=\"510\" \/>\n\t<meta property=\"og:image:height\" content=\"510\" \/>\n\t<meta property=\"og:image:type\" content=\"image\/jpeg\" \/>\n<meta name=\"twitter:card\" content=\"summary_large_image\" \/>\n<meta name=\"twitter:label1\" content=\"\u01af\u1edbc t\u00ednh th\u1eddi gian \u0111\u1ecdc\" \/>\n\t<meta name=\"twitter:data1\" content=\"2 ph\u00fat\" \/>\n<script type=\"application\/ld+json\" class=\"yoast-schema-graph\">{\"@context\":\"https:\\\/\\\/schema.org\",\"@graph\":[{\"@type\":\"WebPage\",\"@id\":\"https:\\\/\\\/webthucpham12.vidoweb.vn\\\/?product=combo-duong-moi\",\"url\":\"https:\\\/\\\/webthucpham12.vidoweb.vn\\\/?product=combo-duong-moi\",\"name\":\"Combo D\u01b0\u1ee1ng M\u00f4i - Th\u1ef1c Ph\u1ea9m 12\",\"isPartOf\":{\"@id\":\"https:\\\/\\\/webthucpham12.vidoweb.vn\\\/#website\"},\"primaryImageOfPage\":{\"@id\":\"https:\\\/\\\/webthucpham12.vidoweb.vn\\\/?product=combo-duong-moi#primaryimage\"},\"image\":{\"@id\":\"https:\\\/\\\/webthucpham12.vidoweb.vn\\\/?product=combo-duong-moi#primaryimage\"},\"thumbnailUrl\":\"https:\\\/\\\/webthucpham12.vidoweb.vn\\\/wp-content\\\/uploads\\\/2020\\\/06\\\/trans_anh-san-pham-dang-website-600x600px-62-510x510-1.jpg\",\"datePublished\":\"2020-06-11T08:51:39+00:00\",\"breadcrumb\":{\"@id\":\"https:\\\/\\\/webthucpham12.vidoweb.vn\\\/?product=combo-duong-moi#breadcrumb\"},\"inLanguage\":\"vi\",\"potentialAction\":[{\"@type\":\"ReadAction\",\"target\":[\"https:\\\/\\\/webthucpham12.vidoweb.vn\\\/?product=combo-duong-moi\"]}]},{\"@type\":\"ImageObject\",\"inLanguage\":\"vi\",\"@id\":\"https:\\\/\\\/webthucpham12.vidoweb.vn\\\/?product=combo-duong-moi#primaryimage\",\"url\":\"https:\\\/\\\/webthucpham12.vidoweb.vn\\\/wp-content\\\/uploads\\\/2020\\\/06\\\/trans_anh-san-pham-dang-website-600x600px-62-510x510-1.jpg\",\"contentUrl\":\"https:\\\/\\\/webthucpham12.vidoweb.vn\\\/wp-content\\\/uploads\\\/2020\\\/06\\\/trans_anh-san-pham-dang-website-600x600px-62-510x510-1.jpg\",\"width\":510,\"height\":510},{\"@type\":\"BreadcrumbList\",\"@id\":\"https:\\\/\\\/webthucpham12.vidoweb.vn\\\/?product=combo-duong-moi#breadcrumb\",\"itemListElement\":[{\"@type\":\"ListItem\",\"position\":1,\"name\":\"Trang ch\u1ee7\",\"item\":\"https:\\\/\\\/webthucpham12.vidoweb.vn\\\/\"},{\"@type\":\"ListItem\",\"position\":2,\"name\":\"Combo D\u01b0\u1ee1ng M\u00f4i\"}]},{\"@type\":\"WebSite\",\"@id\":\"https:\\\/\\\/webthucpham12.vidoweb.vn\\\/#website\",\"url\":\"https:\\\/\\\/webthucpham12.vidoweb.vn\\\/\",\"name\":\"Th\u1ef1c Ph\u1ea9m 12\",\"description\":\"\",\"potentialAction\":[{\"@type\":\"SearchAction\",\"target\":{\"@type\":\"EntryPoint\",\"urlTemplate\":\"https:\\\/\\\/webthucpham12.vidoweb.vn\\\/?s={search_term_string}\"},\"query-input\":{\"@type\":\"PropertyValueSpecification\",\"valueRequired\":true,\"valueName\":\"search_term_string\"}}],\"inLanguage\":\"vi\"}]}<\/script>\n<!-- \/ Yoast SEO plugin. -->","yoast_head_json":{"title":"Combo D\u01b0\u1ee1ng M\u00f4i - Th\u1ef1c Ph\u1ea9m 12","robots":{"index":"noindex","follow":"follow","max-snippet":"max-snippet:-1","max-image-preview":"max-image-preview:large","max-video-preview":"max-video-preview:-1"},"og_locale":"vi_VN","og_type":"article","og_title":"Combo D\u01b0\u1ee1ng M\u00f4i - Th\u1ef1c Ph\u1ea9m 12","og_description":"Combo g\u1ed3m Son d\u01b0\u1ee1ng t\u00e1o + Son l\u1ee5a kh\u00f4ng ch\u00ec+ T\u1ea9y da ch\u1ebft m\u00f4i, b\u1ea1n kh\u00f4ng ch\u1ec9 c\u00f3 l\u00e0n m\u00f4i xinh m\u00e0 c\u00f2n kho\u1ebb n\u1eefa. Ch\u0103m ch\u1ec9 t\u1ea9y da ch\u1ebft m\u00f4i h\u00e0ng tu\u1ea7n, t\u00f4 son d\u01b0\u1ee1ng v\u00e0 son l\u1ee5a h\u00e0ng ng\u00e0y l\u00e0 b\u1ea1n \u0111\u00e3 c\u00f3 m\u1ed9t \u0111\u00f4i m\u00f4i c\u0103ng m\u1ecdng nh\u01b0 \u00fd mu\u1ed1n r\u1ed3i \u0111\u00f3 nha &lt;3.","og_url":"https:\/\/webthucpham12.vidoweb.vn\/?product=combo-duong-moi","og_site_name":"Th\u1ef1c Ph\u1ea9m 12","og_image":[{"width":510,"height":510,"url":"https:\/\/webthucpham12.vidoweb.vn\/wp-content\/uploads\/2020\/06\/trans_anh-san-pham-dang-website-600x600px-62-510x510-1.jpg","type":"image\/jpeg"}],"twitter_card":"summary_large_image","twitter_misc":{"\u01af\u1edbc t\u00ednh th\u1eddi gian \u0111\u1ecdc":"2 ph\u00fat"},"schema":{"@context":"https:\/\/schema.org","@graph":[{"@type":"WebPage","@id":"https:\/\/webthucpham12.vidoweb.vn\/?product=combo-duong-moi","url":"https:\/\/webthucpham12.vidoweb.vn\/?product=combo-duong-moi","name":"Combo D\u01b0\u1ee1ng M\u00f4i - Th\u1ef1c Ph\u1ea9m 12","isPartOf":{"@id":"https:\/\/webthucpham12.vidoweb.vn\/#website"},"primaryImageOfPage":{"@id":"https:\/\/webthucpham12.vidoweb.vn\/?product=combo-duong-moi#primaryimage"},"image":{"@id":"https:\/\/webthucpham12.vidoweb.vn\/?product=combo-duong-moi#primaryimage"},"thumbnailUrl":"https:\/\/webthucpham12.vidoweb.vn\/wp-content\/uploads\/2020\/06\/trans_anh-san-pham-dang-website-600x600px-62-510x510-1.jpg","datePublished":"2020-06-11T08:51:39+00:00","breadcrumb":{"@id":"https:\/\/webthucpham12.vidoweb.vn\/?product=combo-duong-moi#breadcrumb"},"inLanguage":"vi","potentialAction":[{"@type":"ReadAction","target":["https:\/\/webthucpham12.vidoweb.vn\/?product=combo-duong-moi"]}]},{"@type":"ImageObject","inLanguage":"vi","@id":"https:\/\/webthucpham12.vidoweb.vn\/?product=combo-duong-moi#primaryimage","url":"https:\/\/webthucpham12.vidoweb.vn\/wp-content\/uploads\/2020\/06\/trans_anh-san-pham-dang-website-600x600px-62-510x510-1.jpg","contentUrl":"https:\/\/webthucpham12.vidoweb.vn\/wp-content\/uploads\/2020\/06\/trans_anh-san-pham-dang-website-600x600px-62-510x510-1.jpg","width":510,"height":510},{"@type":"BreadcrumbList","@id":"https:\/\/webthucpham12.vidoweb.vn\/?product=combo-duong-moi#breadcrumb","itemListElement":[{"@type":"ListItem","position":1,"name":"Trang ch\u1ee7","item":"https:\/\/webthucpham12.vidoweb.vn\/"},{"@type":"ListItem","position":2,"name":"Combo D\u01b0\u1ee1ng M\u00f4i"}]},{"@type":"WebSite","@id":"https:\/\/webthucpham12.vidoweb.vn\/#website","url":"https:\/\/webthucpham12.vidoweb.vn\/","name":"Th\u1ef1c Ph\u1ea9m 12","description":"","potentialAction":[{"@type":"SearchAction","target":{"@type":"EntryPoint","urlTemplate":"https:\/\/webthucpham12.vidoweb.vn\/?s={search_term_string}"},"query-input":{"@type":"PropertyValueSpecification","valueRequired":true,"valueName":"search_term_string"}}],"inLanguage":"vi"}]}},"_links":{"self":[{"href":"https:\/\/webthucpham12.vidoweb.vn\/index.php?rest_route=\/wp\/v2\/product\/339","targetHints":{"allow":["GET"]}}],"collection":[{"href":"https:\/\/webthucpham12.vidoweb.vn\/index.php?rest_route=\/wp\/v2\/product"}],"about":[{"href":"https:\/\/webthucpham12.vidoweb.vn\/index.php?rest_route=\/wp\/v2\/types\/product"}],"replies":[{"embeddable":true,"href":"https:\/\/webthucpham12.vidoweb.vn\/index.php?rest_route=%2Fwp%2Fv2%2Fcomments&post=339"}],"wp:featuredmedia":[{"embeddable":true,"href":"https:\/\/webthucpham12.vidoweb.vn\/index.php?rest_route=\/wp\/v2\/media\/341"}],"wp:attachment":[{"href":"https:\/\/webthucpham12.vidoweb.vn\/index.php?rest_route=%2Fwp%2Fv2%2Fmedia&parent=339"}],"wp:term":[{"taxonomy":"product_brand","embeddable":true,"href":"https:\/\/webthucpham12.vidoweb.vn\/index.php?rest_route=%2Fwp%2Fv2%2Fproduct_brand&post=339"},{"taxonomy":"product_cat","embeddable":true,"href":"https:\/\/webthucpham12.vidoweb.vn\/index.php?rest_route=%2Fwp%2Fv2%2Fproduct_cat&post=339"},{"taxonomy":"product_tag","embeddable":true,"href":"https:\/\/webthucpham12.vidoweb.vn\/index.php?rest_route=%2Fwp%2Fv2%2Fproduct_tag&post=339"}],"curies":[{"name":"wp","href":"https:\/\/api.w.org\/{rel}","templated":true}]}}