{"id":345,"date":"2020-06-11T16:01:31","date_gmt":"2020-06-11T09:01:31","guid":{"rendered":"http:\/\/thucphamchucnang6.muathemedep.vn\/?post_type=product&#038;p=345"},"modified":"2020-06-11T22:03:56","modified_gmt":"2020-06-11T15:03:56","slug":"combo-moi-hong","status":"publish","type":"product","link":"https:\/\/webthucpham12.vidoweb.vn\/?product=combo-moi-hong","title":{"rendered":"Combo M\u00f4i H\u1ed3ng"},"content":{"rendered":"<p><strong>Combo M\u00f4i h\u1ed3ng:<\/strong><\/p>\n<p>S\u1ef1 k\u1ebft h\u1ee3p b\u1ed9 3 s\u1ea3n ph\u1ea9m son L\u1ee5a, son d\u01b0\u1ee1ng G\u1ea1o c\u00f9ng v\u1edbi 1 h\u0169 t\u1ea9y t\u1ebf b\u00e0o ch\u1ebft cho m\u00f4i s\u1ebd gi\u00fap c\u00e1c n\u00e0ng ch\u0103m s\u00f3c \u0111\u00f4i m\u00f4i m\u1ec1m m\u1ecbn c\u0103ng m\u1ecdng v\u00e0 h\u1ed3ng h\u00e0o:<\/p>\n<ul>\n<li>Lip Scub \u0110\u01b0\u1eddng N\u00e2u ch\u1ee9a th\u00e0nh ph\u1ea7n thi\u00ean nhi\u00ean nh\u1eb9 nh\u00e0ng lo\u1ea1i b\u1ecf \u0111i c\u00e1c t\u1ebf b\u00e0o ch\u1ebft tr\u00ean m\u00f4i, gi\u00fap m\u00f4i m\u1ec1m m\u1ecbn, t\u1ef1 nhi\u00ean.<\/li>\n<li>Son D\u01b0\u1ee1ng G\u1ea1o an to\u00e0n gi\u00fap d\u01b0\u1ee1ng \u1ea9m, d\u01b0\u1ee1ng m\u1ec1m m\u00f4i, h\u1ed7 tr\u1ee3 gi\u1ea3m th\u00e2m m\u00f4i v\u1edbi 4 m\u00f9i h\u1ea5p d\u1eabn: Son g\u1ea1o \u2013 Son G\u1ea1o H\u01b0\u01a1ng cam \u2013 Son G\u1ea1o Tr\u00e0 xanh- Son G\u1ea1o H\u01b0\u01a1ng d\u00e2u.<\/li>\n<li>Son L\u1ee5a \u2013 KH\u00d4NG CH\u00cc L\u00c2U TR\u00d4I \u2013 nh\u1eefng th\u1ecfi son ch\u1ec9 4g v\u1edbi 7 m\u00e0u kh\u00e1c nhau n\u00e0y s\u1ebd gi\u00fap b\u1ea1n t\u01b0\u01a1i t\u1eafn n\u1ed5i b\u1eadt h\u1eb3n l\u00ean ch\u1ec9 trong v\u00f2ng 3s.<\/li>\n<\/ul>\n<p><strong>Th\u00e0nh ph\u1ea7n<\/strong>:<\/p>\n<ul>\n<li>D\u1ea7u h\u1ea1nh nh\u00e2n, d\u1ea7u c\u00e1m g\u1ea1o, d\u1ea7u qu\u1ea3 b\u01a1, b\u01a1 h\u1ea1t m\u1ee1, S\u00e1p ong, D\u1ea7u g\u1ea5c, M\u00e0u kho\u00e1ng thi\u00ean nhi\u00ean,\u2026<\/li>\n<li>T\u1ea9y t\u1ebf b\u00e0o ch\u1ebft cho m\u00f4i Lip Scrub \u0110\u01b0\u1eddng N\u00e2u ch\u1ee9a \u0111\u01b0\u1eddng m\u00eda, b\u00f4t cafe, d\u1ea7u c\u00e1m g\u1ea1o, d\u1ea7u g\u1ea5c v\u00e0 b\u01a1 shea,\u2026 \u0111\u1ea7y \u0111\u1ee7 d\u01b0\u1ee1ng ch\u1ea5t.<\/li>\n<li>Kh\u00f4ng ch\u1ee9a ch\u1ea5t b\u1ea3o qu\u1ea3n. C\u00f3 ch\u1ee9ng nh\u1eadn H\u00e0m l\u01b0\u1ee3ng ch\u00ec = 0 c\u1ee7a Vi\u1ec7n ki\u1ec3m nghi\u1ec7m thu\u1ed1c Trung \u01b0\u01a1ng<\/li>\n<\/ul>\n<p><strong>HDSD:<\/strong>\u00a0L\u00e0m \u01b0\u1edbt m\u00f4i b\u1eb1ng n\u01b0\u1edbc \u1ea5m, l\u1ea5y m\u1ed9t l\u01b0\u1ee3ng b\u1eb1ng \u201ch\u1ea1t \u0111\u1ed7\u201d \u0110\u01b0\u1eddng N\u00e2u thoa l\u00ean m\u00f4i \u01b0\u1edbt, d\u00f9ng ng\u00f3n tay massage nh\u1eb9 nh\u00e0ng theo t\u1eebng v\u00f2ng tr\u00f2n nh\u1ecf kho\u1ea3ng 1-2 ph\u00fat, t\u1eadp trung nh\u1eefng v\u00f9ng s\u1ea7n s\u00f9i bong n\u1ebb, r\u1eeda s\u1ea1ch l\u1ea1i b\u1eb1ng n\u01b0\u1edbc, th\u1ea5m kh\u00f4 r\u1ed3i b\u00f4i son d\u01b0\u1ee1ng G\u1ea1o v\u00e0 son L\u1ee5a.<\/p>\n<p>T\u1ea9y da ch\u1ebft m\u00f4i \u0110\u01b0\u1eddng n\u00e2u n\u00ean \u0111\u01b0\u1ee3c d\u00f9ng 1-2 l\u1ea7n\/tu\u1ea7n ho\u1eb7c d\u00f9ng ngay khi b\u1ea1n c\u1ea7n chu\u1ea9n b\u1ecb m\u1ed9t \u0111\u00f4i m\u00f4i c\u0103ng m\u1ecdng h\u1ea5p d\u1eabn cho m\u1ed9t s\u1ef1 ki\u1ec7n quan tr\u1ecdng hay tr\u01b0\u1edbc m\u1ed9t bu\u1ed5i h\u1eb9n h\u00f2.<\/p>\n","protected":false},"excerpt":{"rendered":"<p>C\u00f9ng v\u1edbi SON L\u1ee4A v\u00e0 SON G\u1ea0O c\u1ef1c an to\u00e0n, Lip Scrub \u0110\u01b0\u1eddng N\u00e2u ho\u00e0n thi\u1ec7n b\u1ed9 s\u1ea3n ph\u1ea9m d\u00e0nh cho m\u00f4i gi\u00fap c\u00e1c n\u00e0ng ch\u0103m s\u00f3c \u0111\u00f4i m\u00f4i m\u1ec1m m\u1ecbn c\u0103ng m\u1ecdng v\u00e0 h\u1ed3ng h\u00e0o.<\/p>\n","protected":false},"featured_media":347,"comment_status":"open","ping_status":"closed","template":"","meta":[],"product_brand":[],"product_cat":[40,41,24,15],"product_tag":[],"class_list":{"0":"post-345","1":"product","2":"type-product","3":"status-publish","4":"has-post-thumbnail","6":"product_cat-combo-khuyen-mai","7":"product_cat-combo-moi-xinh","8":"product_cat-son-mau-khong-chi","9":"product_cat-son-moi","11":"first","12":"instock","13":"sale","14":"shipping-taxable","15":"purchasable","16":"product-type-simple"},"yoast_head":"<!-- This site is optimized with the Yoast SEO plugin v27.6 - https:\/\/yoast.com\/product\/yoast-seo-wordpress\/ -->\n<title>Combo M\u00f4i H\u1ed3ng - Th\u1ef1c Ph\u1ea9m 12<\/title>\n<meta name=\"robots\" content=\"noindex, follow, max-snippet:-1, max-image-preview:large, max-video-preview:-1\" \/>\n<meta property=\"og:locale\" content=\"vi_VN\" \/>\n<meta property=\"og:type\" content=\"article\" \/>\n<meta property=\"og:title\" content=\"Combo M\u00f4i H\u1ed3ng - Th\u1ef1c Ph\u1ea9m 12\" \/>\n<meta property=\"og:description\" content=\"C\u00f9ng v\u1edbi SON L\u1ee4A v\u00e0 SON G\u1ea0O c\u1ef1c an to\u00e0n, Lip Scrub \u0110\u01b0\u1eddng N\u00e2u ho\u00e0n thi\u1ec7n b\u1ed9 s\u1ea3n ph\u1ea9m d\u00e0nh cho m\u00f4i gi\u00fap c\u00e1c n\u00e0ng ch\u0103m s\u00f3c \u0111\u00f4i m\u00f4i m\u1ec1m m\u1ecbn c\u0103ng m\u1ecdng v\u00e0 h\u1ed3ng h\u00e0o.\" \/>\n<meta property=\"og:url\" content=\"https:\/\/webthucpham12.vidoweb.vn\/?product=combo-moi-hong\" \/>\n<meta property=\"og:site_name\" content=\"Th\u1ef1c Ph\u1ea9m 12\" \/>\n<meta property=\"article:modified_time\" content=\"2020-06-11T15:03:56+00:00\" \/>\n<meta property=\"og:image\" content=\"https:\/\/webthucpham12.vidoweb.vn\/wp-content\/uploads\/2020\/06\/trans_123-300x300-1.jpg\" \/>\n\t<meta property=\"og:image:width\" content=\"510\" \/>\n\t<meta property=\"og:image:height\" content=\"510\" \/>\n\t<meta property=\"og:image:type\" content=\"image\/jpeg\" \/>\n<meta name=\"twitter:card\" content=\"summary_large_image\" \/>\n<meta name=\"twitter:label1\" content=\"\u01af\u1edbc t\u00ednh th\u1eddi gian \u0111\u1ecdc\" \/>\n\t<meta name=\"twitter:data1\" content=\"2 ph\u00fat\" \/>\n<script type=\"application\/ld+json\" class=\"yoast-schema-graph\">{\"@context\":\"https:\\\/\\\/schema.org\",\"@graph\":[{\"@type\":\"WebPage\",\"@id\":\"https:\\\/\\\/webthucpham12.vidoweb.vn\\\/?product=combo-moi-hong\",\"url\":\"https:\\\/\\\/webthucpham12.vidoweb.vn\\\/?product=combo-moi-hong\",\"name\":\"Combo M\u00f4i H\u1ed3ng - Th\u1ef1c Ph\u1ea9m 12\",\"isPartOf\":{\"@id\":\"https:\\\/\\\/webthucpham12.vidoweb.vn\\\/#website\"},\"primaryImageOfPage\":{\"@id\":\"https:\\\/\\\/webthucpham12.vidoweb.vn\\\/?product=combo-moi-hong#primaryimage\"},\"image\":{\"@id\":\"https:\\\/\\\/webthucpham12.vidoweb.vn\\\/?product=combo-moi-hong#primaryimage\"},\"thumbnailUrl\":\"https:\\\/\\\/webthucpham12.vidoweb.vn\\\/wp-content\\\/uploads\\\/2020\\\/06\\\/trans_123-300x300-1.jpg\",\"datePublished\":\"2020-06-11T09:01:31+00:00\",\"dateModified\":\"2020-06-11T15:03:56+00:00\",\"breadcrumb\":{\"@id\":\"https:\\\/\\\/webthucpham12.vidoweb.vn\\\/?product=combo-moi-hong#breadcrumb\"},\"inLanguage\":\"vi\",\"potentialAction\":[{\"@type\":\"ReadAction\",\"target\":[\"https:\\\/\\\/webthucpham12.vidoweb.vn\\\/?product=combo-moi-hong\"]}]},{\"@type\":\"ImageObject\",\"inLanguage\":\"vi\",\"@id\":\"https:\\\/\\\/webthucpham12.vidoweb.vn\\\/?product=combo-moi-hong#primaryimage\",\"url\":\"https:\\\/\\\/webthucpham12.vidoweb.vn\\\/wp-content\\\/uploads\\\/2020\\\/06\\\/trans_123-300x300-1.jpg\",\"contentUrl\":\"https:\\\/\\\/webthucpham12.vidoweb.vn\\\/wp-content\\\/uploads\\\/2020\\\/06\\\/trans_123-300x300-1.jpg\",\"width\":510,\"height\":510},{\"@type\":\"BreadcrumbList\",\"@id\":\"https:\\\/\\\/webthucpham12.vidoweb.vn\\\/?product=combo-moi-hong#breadcrumb\",\"itemListElement\":[{\"@type\":\"ListItem\",\"position\":1,\"name\":\"Trang ch\u1ee7\",\"item\":\"https:\\\/\\\/webthucpham12.vidoweb.vn\\\/\"},{\"@type\":\"ListItem\",\"position\":2,\"name\":\"Combo M\u00f4i H\u1ed3ng\"}]},{\"@type\":\"WebSite\",\"@id\":\"https:\\\/\\\/webthucpham12.vidoweb.vn\\\/#website\",\"url\":\"https:\\\/\\\/webthucpham12.vidoweb.vn\\\/\",\"name\":\"Th\u1ef1c Ph\u1ea9m 12\",\"description\":\"\",\"potentialAction\":[{\"@type\":\"SearchAction\",\"target\":{\"@type\":\"EntryPoint\",\"urlTemplate\":\"https:\\\/\\\/webthucpham12.vidoweb.vn\\\/?s={search_term_string}\"},\"query-input\":{\"@type\":\"PropertyValueSpecification\",\"valueRequired\":true,\"valueName\":\"search_term_string\"}}],\"inLanguage\":\"vi\"}]}<\/script>\n<!-- \/ Yoast SEO plugin. -->","yoast_head_json":{"title":"Combo M\u00f4i H\u1ed3ng - Th\u1ef1c Ph\u1ea9m 12","robots":{"index":"noindex","follow":"follow","max-snippet":"max-snippet:-1","max-image-preview":"max-image-preview:large","max-video-preview":"max-video-preview:-1"},"og_locale":"vi_VN","og_type":"article","og_title":"Combo M\u00f4i H\u1ed3ng - Th\u1ef1c Ph\u1ea9m 12","og_description":"C\u00f9ng v\u1edbi SON L\u1ee4A v\u00e0 SON G\u1ea0O c\u1ef1c an to\u00e0n, Lip Scrub \u0110\u01b0\u1eddng N\u00e2u ho\u00e0n thi\u1ec7n b\u1ed9 s\u1ea3n ph\u1ea9m d\u00e0nh cho m\u00f4i gi\u00fap c\u00e1c n\u00e0ng ch\u0103m s\u00f3c \u0111\u00f4i m\u00f4i m\u1ec1m m\u1ecbn c\u0103ng m\u1ecdng v\u00e0 h\u1ed3ng h\u00e0o.","og_url":"https:\/\/webthucpham12.vidoweb.vn\/?product=combo-moi-hong","og_site_name":"Th\u1ef1c Ph\u1ea9m 12","article_modified_time":"2020-06-11T15:03:56+00:00","og_image":[{"width":510,"height":510,"url":"https:\/\/webthucpham12.vidoweb.vn\/wp-content\/uploads\/2020\/06\/trans_123-300x300-1.jpg","type":"image\/jpeg"}],"twitter_card":"summary_large_image","twitter_misc":{"\u01af\u1edbc t\u00ednh th\u1eddi gian \u0111\u1ecdc":"2 ph\u00fat"},"schema":{"@context":"https:\/\/schema.org","@graph":[{"@type":"WebPage","@id":"https:\/\/webthucpham12.vidoweb.vn\/?product=combo-moi-hong","url":"https:\/\/webthucpham12.vidoweb.vn\/?product=combo-moi-hong","name":"Combo M\u00f4i H\u1ed3ng - Th\u1ef1c Ph\u1ea9m 12","isPartOf":{"@id":"https:\/\/webthucpham12.vidoweb.vn\/#website"},"primaryImageOfPage":{"@id":"https:\/\/webthucpham12.vidoweb.vn\/?product=combo-moi-hong#primaryimage"},"image":{"@id":"https:\/\/webthucpham12.vidoweb.vn\/?product=combo-moi-hong#primaryimage"},"thumbnailUrl":"https:\/\/webthucpham12.vidoweb.vn\/wp-content\/uploads\/2020\/06\/trans_123-300x300-1.jpg","datePublished":"2020-06-11T09:01:31+00:00","dateModified":"2020-06-11T15:03:56+00:00","breadcrumb":{"@id":"https:\/\/webthucpham12.vidoweb.vn\/?product=combo-moi-hong#breadcrumb"},"inLanguage":"vi","potentialAction":[{"@type":"ReadAction","target":["https:\/\/webthucpham12.vidoweb.vn\/?product=combo-moi-hong"]}]},{"@type":"ImageObject","inLanguage":"vi","@id":"https:\/\/webthucpham12.vidoweb.vn\/?product=combo-moi-hong#primaryimage","url":"https:\/\/webthucpham12.vidoweb.vn\/wp-content\/uploads\/2020\/06\/trans_123-300x300-1.jpg","contentUrl":"https:\/\/webthucpham12.vidoweb.vn\/wp-content\/uploads\/2020\/06\/trans_123-300x300-1.jpg","width":510,"height":510},{"@type":"BreadcrumbList","@id":"https:\/\/webthucpham12.vidoweb.vn\/?product=combo-moi-hong#breadcrumb","itemListElement":[{"@type":"ListItem","position":1,"name":"Trang ch\u1ee7","item":"https:\/\/webthucpham12.vidoweb.vn\/"},{"@type":"ListItem","position":2,"name":"Combo M\u00f4i H\u1ed3ng"}]},{"@type":"WebSite","@id":"https:\/\/webthucpham12.vidoweb.vn\/#website","url":"https:\/\/webthucpham12.vidoweb.vn\/","name":"Th\u1ef1c Ph\u1ea9m 12","description":"","potentialAction":[{"@type":"SearchAction","target":{"@type":"EntryPoint","urlTemplate":"https:\/\/webthucpham12.vidoweb.vn\/?s={search_term_string}"},"query-input":{"@type":"PropertyValueSpecification","valueRequired":true,"valueName":"search_term_string"}}],"inLanguage":"vi"}]}},"_links":{"self":[{"href":"https:\/\/webthucpham12.vidoweb.vn\/index.php?rest_route=\/wp\/v2\/product\/345","targetHints":{"allow":["GET"]}}],"collection":[{"href":"https:\/\/webthucpham12.vidoweb.vn\/index.php?rest_route=\/wp\/v2\/product"}],"about":[{"href":"https:\/\/webthucpham12.vidoweb.vn\/index.php?rest_route=\/wp\/v2\/types\/product"}],"replies":[{"embeddable":true,"href":"https:\/\/webthucpham12.vidoweb.vn\/index.php?rest_route=%2Fwp%2Fv2%2Fcomments&post=345"}],"wp:featuredmedia":[{"embeddable":true,"href":"https:\/\/webthucpham12.vidoweb.vn\/index.php?rest_route=\/wp\/v2\/media\/347"}],"wp:attachment":[{"href":"https:\/\/webthucpham12.vidoweb.vn\/index.php?rest_route=%2Fwp%2Fv2%2Fmedia&parent=345"}],"wp:term":[{"taxonomy":"product_brand","embeddable":true,"href":"https:\/\/webthucpham12.vidoweb.vn\/index.php?rest_route=%2Fwp%2Fv2%2Fproduct_brand&post=345"},{"taxonomy":"product_cat","embeddable":true,"href":"https:\/\/webthucpham12.vidoweb.vn\/index.php?rest_route=%2Fwp%2Fv2%2Fproduct_cat&post=345"},{"taxonomy":"product_tag","embeddable":true,"href":"https:\/\/webthucpham12.vidoweb.vn\/index.php?rest_route=%2Fwp%2Fv2%2Fproduct_tag&post=345"}],"curies":[{"name":"wp","href":"https:\/\/api.w.org\/{rel}","templated":true}]}}