{"id":350,"date":"2020-06-11T16:07:30","date_gmt":"2020-06-11T09:07:30","guid":{"rendered":"http:\/\/thucphamchucnang6.muathemedep.vn\/?post_type=product&#038;p=350"},"modified":"2020-06-11T16:07:30","modified_gmt":"2020-06-11T09:07:30","slug":"combo-mun-lung","status":"publish","type":"product","link":"https:\/\/webthucpham12.vidoweb.vn\/?product=combo-mun-lung","title":{"rendered":"Combo m\u1ee5n l\u01b0ng"},"content":{"rendered":"<p>M\u00ecnh th\u00edch nh\u1eefng chi\u1ebfc \u00e1o khoe l\u01b0ng tr\u1ea7n!<\/p>\n<p>Tr\u1eddi \u01a1i sao l\u1ea1i c\u00f3 th\u1ec3 tr\u00f4ng v\u1eeba g\u1ee3i c\u1ea3m, v\u1eeba k\u00edn \u0111\u00e1o m\u00e0 l\u1ea1i thu h\u00fat, ng\u1ecdt ng\u00e0o \u0111\u1ebfn th\u1ebf. C\u00f3 l\u1ea7n ch\u1ea1y xe ngo\u00e0i \u0111\u01b0\u1eddng bu\u1ed5i t\u1ed1i, th\u1ea5y m\u1ed9t b\u1ea1n l\u01b0\u1edbt qua v\u1edbi chi\u1ebfc \u00e1o \u0111en khoe c\u1ea3 kho\u1ea3ng l\u01b0\u1eddn c\u00e1 tr\u1eafm m\u1ecbn m\u00e0ng, m\u00ecnh l\u00e0 con g\u00e1i c\u00f2n th\u1ea5y b\u1ecb h\u00fat h\u1ed3n, hu\u1ed1ng chi l\u00e0 c\u00e1c ch\u00e0ng trai!<\/p>\n<p>Th\u1ebf l\u00e0 h\u00f4m sau h\u0103m h\u1edf \u0111i t\u00ecm m\u1eabu v\u00e1y l\u01b0ng tr\u1ea7n. Nh\u01b0ng h\u1ee1i \u01a1i, m\u1ea5y c\u00e1i m\u1ee5n l\u01b0ng \u0111\u00e1ng gh\u00e9t kh\u00f4ng l\u00e0m cho m\u00ecnh th\u1ea5y \u01b0ng khi th\u1eed b\u1ea5t c\u1ee9 b\u1ed9 n\u00e0o. C\u00e1i m\u1edbi l\u00ean th\u00ec \u0111\u1ea7u \u0111\u1ecf, c\u00e1i l\u00ean l\u00e2u r\u1ed3i th\u00ec c\u00f2n \u0111\u1ea7u \u0111en m\u1edd m\u1edd, m\u1eb7c d\u00f9 kh\u00f4ng \u0111\u1ebfn m\u1ee9c nhi\u1ec1u chi ch\u00edt nh\u01b0ng ch\u00fang khi\u1ebfn m\u00ecnh nhi\u1ec1u l\u00fac nh\u01b0 mu\u1ed1n ph\u00e1t h\u1eddn l\u00ean\u2026<\/p>\n<p>Nh\u1ea5t l\u00e0 v\u00e0o m\u00f9a h\u00e8, tr\u1eddi n\u00f3ng l\u00e0m cho da v\u00f9ng l\u01b0ng ti\u1ebft d\u1ea7u v\u00e0 m\u1ed3 h\u00f4i nhi\u1ec1u h\u01a1n, m\u1ee5n l\u1ea1i c\u00f3 nhi\u1ec1u h\u01a1n. Sao oan tr\u00e1i th\u1ebf, m\u00f9a \u0111\u00f4ng \u00edt m\u1ee5n th\u00ec ch\u1eb3ng c\u00f3 c\u01a1 h\u1ed9i di\u1ec7n \u0111\u1ed3, m\u00f9a h\u00e8 th\u00ec m\u1ee5n b\u1eaft \u0111\u1ea7u l\u00ean chi ch\u00edt. Ph\u1ea3i chi c\u00f3 ai gi\u00fap m\u00ecnh c\u00e1ch gi\u1ea3m m\u1ee5n l\u01b0ng, t\u1ed1n bao nhi\u00eau m\u00ecnh c\u0169ng ch\u1ecbu\u2026<\/p>\n<p>Cho \u0111\u1ebfn m\u1ed9t ng\u00e0y, ch\u1eafc do \u0103n \u1edf t\u1ed1t n\u00ean m\u00ecnh \u0111\u00e3 t\u00ecm \u0111\u01b0\u1ee3c m\u1ed9t tuy\u1ec7t chi\u00eau gi\u00fap gi\u1ea3m m\u1ee5n l\u01b0ng m\u00e0 v\u00ec qu\u00e1 \u01b0ng \u00fd v\u1edbi n\u00f3 n\u00ean m\u00ecnh ngh\u0129 ph\u1ea3i chia s\u1ebb l\u1ea1i cho c\u00e1c b\u1ea1n \u1edf ngay d\u01b0\u1edbi \u0111\u00e2y th\u00f4i.<\/p>\n<h2>\u0110\u01a1n gi\u1ea3n th\u00f4i, \u00e1p d\u1ee5ng hai c\u00e1ch t\u1eafm, m\u1ed9t c\u00e1ch l\u00e0m h\u00e0ng ng\u00e0y v\u00e0 m\u1ed9t l\u00e0 l\u00e0m h\u00e0ng tu\u1ea7n!<\/h2>\n<ul>\n<li><strong>H\u00e0ng tu\u1ea7n:<\/strong>\u00a0D\u00f9ng Mu\u1ed1i t\u1eafm Caf\u00e9 C\u1ed1t d\u1eeba t\u1ea9y da ch\u1ebft. V\u1edbi h\u1ea1t c\u00e0 ph\u00ea xay m\u1ecbn c\u00f9ng mu\u1ed1i bi\u1ec3n gi\u00fap l\u00e0m s\u1ea1ch da nh\u1eb9 nh\u00e0ng, lo\u1ea1i \u0111i c\u00e1c t\u1ebf b\u00e0o ch\u1ebft tr\u00ean l\u01b0ng. Nh\u1ea5t l\u00e0 h\u01b0\u01a1ng caf\u00e9 th\u01a1m t\u1ef1 nhi\u00ean l\u01b0u luy\u1ebfn, khi t\u1eafm c\u1ee9 nh\u01b0 m\u00ecnh \u0111ang th\u01b0\u1edfng th\u1ee9c m\u1ed9t ly caf\u00e9 th\u01b0\u1ee3ng h\u1ea1ng v\u1eady. M\u00ecnh th\u1ea5y r\u1ea5t s\u1ea3ng kho\u00e1i c\u00f3 l\u1ebd v\u00ec khi massage tr\u00ean ng\u01b0\u1eddi, c\u00e1c h\u1ea1t caf\u00e9 l\u00e0m cho da h\u1ed3ng h\u00e0o, gi\u00fap l\u00e0m s\u1ea1ch l\u1ed7 ch\u00e2n l\u00f4ng, ng\u1eeba m\u1ee5n tr\u00ean l\u01b0ng v\u00e0 mang l\u1ea1i l\u00e0n da s\u00e1ng m\u1ecbn.<\/li>\n<li><strong>H\u00e0ng ng\u00e0y<\/strong>: M\u00ecnh t\u1eafm b\u1eb1ng x\u00e0 b\u00f4ng Tinh than tre. Thay v\u00ec s\u1eefa t\u1eafm th\u00f4ng th\u01b0\u1eddng ch\u1ec9 c\u00f3 h\u01b0\u01a1ng li\u1ec7u v\u00e0 ch\u1ea5t di\u1ec7n ho\u1ea1t t\u1ea1o b\u1ecdt, m\u00ecnh chuy\u1ec3n sang h\u1eb3n d\u00f9ng x\u00e0 b\u00f4ng than ho\u1ea1t. V\u1ed1n ch\u1ee9a than tre ho\u1ea1t t\u00ednh n\u00f3 gi\u00fap l\u1ea5y \u0111i b\u00e3 nh\u1eddn d\u01b0 th\u1eeba tr\u00ean da l\u00e0m s\u1ea1ch b\u1ee5i b\u1ea9n tr\u00ean da. T\u1eafm h\u00e0ng ng\u00e0y gi\u00fap m\u00ecnh l\u00e0m s\u1ea1ch t\u1ed1t h\u01a1n, da c\u0169ng m\u1ecbn m\u00e0ng h\u01a1n.<\/li>\n<\/ul>\n<p>Nhi\u1ec1u ng\u01b0\u1eddi s\u1ee3 x\u00e0 b\u00f4ng t\u1eafm l\u00e0m kh\u00f4 v\u00e0 r\u00e1p da, nh\u01b0ng h\u00ecnh nh\u01b0 trong X\u00e0 b\u00f4ng Tinh than tre n\u00e0y c\u00f3 r\u1ea5t nhi\u1ec1u d\u1ea7u d\u1eeba v\u00e0 \u00f4 liu, n\u00ean t\u1eafm xong lu\u00f4n th\u1ea5y da m\u1ecbn m\u00e0ng, kh\u00f4ng kh\u00f4 v\u00e0 r\u00edt nh\u01b0 x\u00e0 b\u00f4ng th\u00f4ng th\u01b0\u1eddng.<\/p>\n<p>Sau 3 tu\u1ea7n c\u00e1c v\u1ebft m\u1ee5n \u0111\u00e3 d\u1ea7n se l\u1ea1i, da c\u0169ng s\u00e1ng h\u01a1n. Th\u1eed t\u01b0\u1edfng t\u01b0\u1ee3ng xem, m\u00ecnh vui s\u01b0\u1edbng c\u1ee1 n\u00e0o!<\/p>\n<p>Mu\u1ed1i t\u1eafm Caf\u00e9 C\u1ed1t d\u1eeba v\u00e0 X\u00e0 b\u00f4ng Tinh than tre m\u00ecnh mua \u1edf C\u1ecf m\u1ec1m Homelab nh\u00e9. Ch\u1ec9 h\u01a1n 100k m\u1ed9t h\u0169 caf\u00e9 c\u1ed1t d\u1eeba, c\u00f9ng ti\u1ec1n nh\u01b0 th\u1ebf cho m\u1ed9t b\u00e1nh X\u00e0 b\u00f4ng Than ho\u1ea1t, ngay t\u1eeb ng\u00e0y mai b\u1ea1n c\u00f3 th\u1ec3 b\u1eaft \u0111\u1ea7u chi\u1ebfn d\u1ecbch \u201cda xinh, \u0111\u00f3n h\u00e8\u201d c\u1ee7a m\u00ecnh r\u1ed3i!<\/p>\n<p>Gi\u1edd m\u00ecnh ch\u1ec9 c\u00f2n c\u00f3 hai \u0111i\u1ec1u \u01b0\u1edbc, m\u1ed9t l\u00e0 g\u1eb7p l\u1ea1i c\u00f4 g\u00e1i l\u01b0ng tr\u1ea7n h\u00f4m tr\u01b0\u1edbc \u0111\u1ec3 c\u00f3 th\u1ec3 t\u1ef1 tin l\u01b0\u1edbt xe qua m\u1eb7t b\u1ea1n \u1ea5y. V\u00e0 hai l\u00e0 bi\u1ebft \u0111\u1ebfn Caf\u00e9 C\u1ed1t d\u1eeba v\u00e0 X\u00e0 b\u00f4ng than ho\u1ea1t s\u1edbm h\u01a1n, t\u1eeb v\u00e0i n\u0103m tr\u01b0\u1edbc th\u00ec c\u00f3 ph\u1ea3i qu\u00e1 ngon kh\u00f4ng!<\/p>\n","protected":false},"excerpt":{"rendered":"<p>Combo m\u1ee5n l\u01b0ng bao g\u1ed3m X\u00e0 b\u00f4ng Tinh than tre v\u00e0 Mu\u1ed1i t\u1eafm cafe C\u1ed1t d\u1eeba d\u00f9ng t\u1eafm thay s\u1eefa t\u1eafm\/ x\u00e0 b\u00f4ng c\u00f4ng nghi\u1ec7p. C\u00e1c h\u1ea1t caf\u00e9 khi massage s\u1ebd l\u00e0m cho da h\u1ed3ng h\u00e0o, m\u1ecbn m\u00e0ng h\u01a1n. X\u00e0 b\u00f4ng than ho\u1ea1t\u00a0gi\u00fap l\u00e0m s\u1ea1ch m\u1ee5n l\u01b0ng, ph\u00f9 h\u1ee3p v\u1edbi t\u00ecnh tr\u1ea1ng m\u1ee5n s\u1ea7n do t\u1eafc l\u1ed7 ch\u00e2n l\u00f4ng.<\/p>\n","protected":false},"featured_media":352,"comment_status":"open","ping_status":"closed","template":"","meta":[],"product_brand":[],"product_cat":[40,42],"product_tag":[],"class_list":{"0":"post-350","1":"product","2":"type-product","3":"status-publish","4":"has-post-thumbnail","6":"product_cat-combo-khuyen-mai","7":"product_cat-combo-tam","9":"first","10":"instock","11":"sale","12":"shipping-taxable","13":"purchasable","14":"product-type-simple"},"yoast_head":"<!-- This site is optimized with the Yoast SEO plugin v27.6 - https:\/\/yoast.com\/product\/yoast-seo-wordpress\/ -->\n<title>Combo m\u1ee5n l\u01b0ng - Th\u1ef1c Ph\u1ea9m 12<\/title>\n<meta name=\"robots\" content=\"noindex, follow, max-snippet:-1, max-image-preview:large, max-video-preview:-1\" \/>\n<meta property=\"og:locale\" content=\"vi_VN\" \/>\n<meta property=\"og:type\" content=\"article\" \/>\n<meta property=\"og:title\" content=\"Combo m\u1ee5n l\u01b0ng - Th\u1ef1c Ph\u1ea9m 12\" \/>\n<meta property=\"og:description\" content=\"Combo m\u1ee5n l\u01b0ng bao g\u1ed3m X\u00e0 b\u00f4ng Tinh than tre v\u00e0 Mu\u1ed1i t\u1eafm cafe C\u1ed1t d\u1eeba d\u00f9ng t\u1eafm thay s\u1eefa t\u1eafm\/ x\u00e0 b\u00f4ng c\u00f4ng nghi\u1ec7p. C\u00e1c h\u1ea1t caf\u00e9 khi massage s\u1ebd l\u00e0m cho da h\u1ed3ng h\u00e0o, m\u1ecbn m\u00e0ng h\u01a1n. X\u00e0 b\u00f4ng than ho\u1ea1t\u00a0gi\u00fap l\u00e0m s\u1ea1ch m\u1ee5n l\u01b0ng, ph\u00f9 h\u1ee3p v\u1edbi t\u00ecnh tr\u1ea1ng m\u1ee5n s\u1ea7n do t\u1eafc l\u1ed7 ch\u00e2n l\u00f4ng.\" \/>\n<meta property=\"og:url\" content=\"https:\/\/webthucpham12.vidoweb.vn\/?product=combo-mun-lung\" \/>\n<meta property=\"og:site_name\" content=\"Th\u1ef1c Ph\u1ea9m 12\" \/>\n<meta property=\"og:image\" content=\"https:\/\/webthucpham12.vidoweb.vn\/wp-content\/uploads\/2020\/06\/combo-mun-lung-01.jpg\" \/>\n\t<meta property=\"og:image:width\" content=\"510\" \/>\n\t<meta property=\"og:image:height\" content=\"510\" \/>\n\t<meta property=\"og:image:type\" content=\"image\/jpeg\" \/>\n<meta name=\"twitter:card\" content=\"summary_large_image\" \/>\n<meta name=\"twitter:label1\" content=\"\u01af\u1edbc t\u00ednh th\u1eddi gian \u0111\u1ecdc\" \/>\n\t<meta name=\"twitter:data1\" content=\"5 ph\u00fat\" \/>\n<script type=\"application\/ld+json\" class=\"yoast-schema-graph\">{\"@context\":\"https:\\\/\\\/schema.org\",\"@graph\":[{\"@type\":\"WebPage\",\"@id\":\"https:\\\/\\\/webthucpham12.vidoweb.vn\\\/?product=combo-mun-lung\",\"url\":\"https:\\\/\\\/webthucpham12.vidoweb.vn\\\/?product=combo-mun-lung\",\"name\":\"Combo m\u1ee5n l\u01b0ng - Th\u1ef1c Ph\u1ea9m 12\",\"isPartOf\":{\"@id\":\"https:\\\/\\\/webthucpham12.vidoweb.vn\\\/#website\"},\"primaryImageOfPage\":{\"@id\":\"https:\\\/\\\/webthucpham12.vidoweb.vn\\\/?product=combo-mun-lung#primaryimage\"},\"image\":{\"@id\":\"https:\\\/\\\/webthucpham12.vidoweb.vn\\\/?product=combo-mun-lung#primaryimage\"},\"thumbnailUrl\":\"https:\\\/\\\/webthucpham12.vidoweb.vn\\\/wp-content\\\/uploads\\\/2020\\\/06\\\/combo-mun-lung-01.jpg\",\"datePublished\":\"2020-06-11T09:07:30+00:00\",\"breadcrumb\":{\"@id\":\"https:\\\/\\\/webthucpham12.vidoweb.vn\\\/?product=combo-mun-lung#breadcrumb\"},\"inLanguage\":\"vi\",\"potentialAction\":[{\"@type\":\"ReadAction\",\"target\":[\"https:\\\/\\\/webthucpham12.vidoweb.vn\\\/?product=combo-mun-lung\"]}]},{\"@type\":\"ImageObject\",\"inLanguage\":\"vi\",\"@id\":\"https:\\\/\\\/webthucpham12.vidoweb.vn\\\/?product=combo-mun-lung#primaryimage\",\"url\":\"https:\\\/\\\/webthucpham12.vidoweb.vn\\\/wp-content\\\/uploads\\\/2020\\\/06\\\/combo-mun-lung-01.jpg\",\"contentUrl\":\"https:\\\/\\\/webthucpham12.vidoweb.vn\\\/wp-content\\\/uploads\\\/2020\\\/06\\\/combo-mun-lung-01.jpg\",\"width\":510,\"height\":510},{\"@type\":\"BreadcrumbList\",\"@id\":\"https:\\\/\\\/webthucpham12.vidoweb.vn\\\/?product=combo-mun-lung#breadcrumb\",\"itemListElement\":[{\"@type\":\"ListItem\",\"position\":1,\"name\":\"Trang ch\u1ee7\",\"item\":\"https:\\\/\\\/webthucpham12.vidoweb.vn\\\/\"},{\"@type\":\"ListItem\",\"position\":2,\"name\":\"Combo m\u1ee5n l\u01b0ng\"}]},{\"@type\":\"WebSite\",\"@id\":\"https:\\\/\\\/webthucpham12.vidoweb.vn\\\/#website\",\"url\":\"https:\\\/\\\/webthucpham12.vidoweb.vn\\\/\",\"name\":\"Th\u1ef1c Ph\u1ea9m 12\",\"description\":\"\",\"potentialAction\":[{\"@type\":\"SearchAction\",\"target\":{\"@type\":\"EntryPoint\",\"urlTemplate\":\"https:\\\/\\\/webthucpham12.vidoweb.vn\\\/?s={search_term_string}\"},\"query-input\":{\"@type\":\"PropertyValueSpecification\",\"valueRequired\":true,\"valueName\":\"search_term_string\"}}],\"inLanguage\":\"vi\"}]}<\/script>\n<!-- \/ Yoast SEO plugin. -->","yoast_head_json":{"title":"Combo m\u1ee5n l\u01b0ng - Th\u1ef1c Ph\u1ea9m 12","robots":{"index":"noindex","follow":"follow","max-snippet":"max-snippet:-1","max-image-preview":"max-image-preview:large","max-video-preview":"max-video-preview:-1"},"og_locale":"vi_VN","og_type":"article","og_title":"Combo m\u1ee5n l\u01b0ng - Th\u1ef1c Ph\u1ea9m 12","og_description":"Combo m\u1ee5n l\u01b0ng bao g\u1ed3m X\u00e0 b\u00f4ng Tinh than tre v\u00e0 Mu\u1ed1i t\u1eafm cafe C\u1ed1t d\u1eeba d\u00f9ng t\u1eafm thay s\u1eefa t\u1eafm\/ x\u00e0 b\u00f4ng c\u00f4ng nghi\u1ec7p. C\u00e1c h\u1ea1t caf\u00e9 khi massage s\u1ebd l\u00e0m cho da h\u1ed3ng h\u00e0o, m\u1ecbn m\u00e0ng h\u01a1n. X\u00e0 b\u00f4ng than ho\u1ea1t\u00a0gi\u00fap l\u00e0m s\u1ea1ch m\u1ee5n l\u01b0ng, ph\u00f9 h\u1ee3p v\u1edbi t\u00ecnh tr\u1ea1ng m\u1ee5n s\u1ea7n do t\u1eafc l\u1ed7 ch\u00e2n l\u00f4ng.","og_url":"https:\/\/webthucpham12.vidoweb.vn\/?product=combo-mun-lung","og_site_name":"Th\u1ef1c Ph\u1ea9m 12","og_image":[{"width":510,"height":510,"url":"https:\/\/webthucpham12.vidoweb.vn\/wp-content\/uploads\/2020\/06\/combo-mun-lung-01.jpg","type":"image\/jpeg"}],"twitter_card":"summary_large_image","twitter_misc":{"\u01af\u1edbc t\u00ednh th\u1eddi gian \u0111\u1ecdc":"5 ph\u00fat"},"schema":{"@context":"https:\/\/schema.org","@graph":[{"@type":"WebPage","@id":"https:\/\/webthucpham12.vidoweb.vn\/?product=combo-mun-lung","url":"https:\/\/webthucpham12.vidoweb.vn\/?product=combo-mun-lung","name":"Combo m\u1ee5n l\u01b0ng - Th\u1ef1c Ph\u1ea9m 12","isPartOf":{"@id":"https:\/\/webthucpham12.vidoweb.vn\/#website"},"primaryImageOfPage":{"@id":"https:\/\/webthucpham12.vidoweb.vn\/?product=combo-mun-lung#primaryimage"},"image":{"@id":"https:\/\/webthucpham12.vidoweb.vn\/?product=combo-mun-lung#primaryimage"},"thumbnailUrl":"https:\/\/webthucpham12.vidoweb.vn\/wp-content\/uploads\/2020\/06\/combo-mun-lung-01.jpg","datePublished":"2020-06-11T09:07:30+00:00","breadcrumb":{"@id":"https:\/\/webthucpham12.vidoweb.vn\/?product=combo-mun-lung#breadcrumb"},"inLanguage":"vi","potentialAction":[{"@type":"ReadAction","target":["https:\/\/webthucpham12.vidoweb.vn\/?product=combo-mun-lung"]}]},{"@type":"ImageObject","inLanguage":"vi","@id":"https:\/\/webthucpham12.vidoweb.vn\/?product=combo-mun-lung#primaryimage","url":"https:\/\/webthucpham12.vidoweb.vn\/wp-content\/uploads\/2020\/06\/combo-mun-lung-01.jpg","contentUrl":"https:\/\/webthucpham12.vidoweb.vn\/wp-content\/uploads\/2020\/06\/combo-mun-lung-01.jpg","width":510,"height":510},{"@type":"BreadcrumbList","@id":"https:\/\/webthucpham12.vidoweb.vn\/?product=combo-mun-lung#breadcrumb","itemListElement":[{"@type":"ListItem","position":1,"name":"Trang ch\u1ee7","item":"https:\/\/webthucpham12.vidoweb.vn\/"},{"@type":"ListItem","position":2,"name":"Combo m\u1ee5n l\u01b0ng"}]},{"@type":"WebSite","@id":"https:\/\/webthucpham12.vidoweb.vn\/#website","url":"https:\/\/webthucpham12.vidoweb.vn\/","name":"Th\u1ef1c Ph\u1ea9m 12","description":"","potentialAction":[{"@type":"SearchAction","target":{"@type":"EntryPoint","urlTemplate":"https:\/\/webthucpham12.vidoweb.vn\/?s={search_term_string}"},"query-input":{"@type":"PropertyValueSpecification","valueRequired":true,"valueName":"search_term_string"}}],"inLanguage":"vi"}]}},"_links":{"self":[{"href":"https:\/\/webthucpham12.vidoweb.vn\/index.php?rest_route=\/wp\/v2\/product\/350","targetHints":{"allow":["GET"]}}],"collection":[{"href":"https:\/\/webthucpham12.vidoweb.vn\/index.php?rest_route=\/wp\/v2\/product"}],"about":[{"href":"https:\/\/webthucpham12.vidoweb.vn\/index.php?rest_route=\/wp\/v2\/types\/product"}],"replies":[{"embeddable":true,"href":"https:\/\/webthucpham12.vidoweb.vn\/index.php?rest_route=%2Fwp%2Fv2%2Fcomments&post=350"}],"wp:featuredmedia":[{"embeddable":true,"href":"https:\/\/webthucpham12.vidoweb.vn\/index.php?rest_route=\/wp\/v2\/media\/352"}],"wp:attachment":[{"href":"https:\/\/webthucpham12.vidoweb.vn\/index.php?rest_route=%2Fwp%2Fv2%2Fmedia&parent=350"}],"wp:term":[{"taxonomy":"product_brand","embeddable":true,"href":"https:\/\/webthucpham12.vidoweb.vn\/index.php?rest_route=%2Fwp%2Fv2%2Fproduct_brand&post=350"},{"taxonomy":"product_cat","embeddable":true,"href":"https:\/\/webthucpham12.vidoweb.vn\/index.php?rest_route=%2Fwp%2Fv2%2Fproduct_cat&post=350"},{"taxonomy":"product_tag","embeddable":true,"href":"https:\/\/webthucpham12.vidoweb.vn\/index.php?rest_route=%2Fwp%2Fv2%2Fproduct_tag&post=350"}],"curies":[{"name":"wp","href":"https:\/\/api.w.org\/{rel}","templated":true}]}}